137
Suppose 0 = -5*w + 3*y + 116503, -4*w + 6*y - 9*y = -93224. What are the prime factors of w?
7, 3329
Let a(b) = 64*b - 10. Let o be a(5). Let q(z) = -3*z + 119. Let u be q(-7). Let t = o - u. What are the prime factors of t?
2, 5, 17
Let h be -2*329*((-8)/7)/4. Let c = 497 - h. List the prime factors of c.
3, 103
Suppose w + 11 = -5*p + 8*p, 12 = -4*w - 4*p. Let i = w + 615. What are the prime factors of i?
2, 5, 61
Let c = 33117 - 18607. List the prime factors of c.
2, 5, 1451
Suppose -297472 - 219568 = -184*a. What are the prime factors of a?
2, 5, 281
List the prime factors of (-10306)/(-5) + 118/(-590).
3, 229
Let n = 7813 - 6161. List the prime factors of n.
2, 7, 59
Suppose -2*k = z - 5169, -4*k = 29*z - 23*z - 10374. List the prime factors of k.
2, 3, 5, 43
Let h(y) be the second derivative of 8/3*y**3 + 0 + 12*y**2 + 2*y + 1/4*y**4. What are the prime factors of h(-6)?
2, 3
Let n(o) be the second derivative of 0 + 3*o + 37/2*o**2 - 1/3*o**3. List the prime factors of n(0).
37
Let z(j) = 2*j**3 + 45*j**2 + 20*j - 41. Let x be z(-22). Suppose u = -b + 2*u + 387, x*b = -2*u + 1151. What are the prime factors of b?
5, 7, 11
Let o(c) = -5*c**2 + c + 3. Let s be o(3). Let u = -19 + 10. Let b = u - s. List the prime factors of b.
2, 3, 5
Let u(v) be the third derivative of -4*v**4/3 + 79*v**3/6 - 33*v**2 + 2. List the prime factors of u(-36).
1231
Let b(w) = -7*w + 143. Let q be b(20). Suppose q*m = -4*p + 4396 + 723, -2*m + 3408 = 5*p. List the prime factors of m.
1709
Let c(u) = 13*u**3 - 2*u - 1. Let w be c(-1). Let k = 15 + w. Suppose -187 = -2*b - 5*t, k*t - 116 = -b + 8*t. List the prime factors of b.
101
Suppose -5*a = -7*a - d + 20306, 2*a - 20290 = -5*d. Suppose -30*b = -18495 - a. What are the prime factors of b?
5, 191
Let z(b) = 4*b**3 - 85*b**2 - 107*b + 96. List the prime factors of z(37).
2, 19, 271
Let w(z) = -38*z + 76. Let y = 23 - 30. What are the prime factors of w(y)?
2, 3, 19
Let q(w) = 2*w**2 + 23*w - 27. Let j be q(23). Suppose -2*b + 624 = 4*n - j, 5*n = -b + 1095. List the prime factors of b.
2, 5, 109
Let x(n) = n**2 - 10*n + 57. Let y be x(6). Let j = 78 - y. List the prime factors of j.
3, 5
Let x(f) be the third derivative of f**6/120 - f**4/12 + 13*f**3/6 - 31*f**2. Let l be x(0). Suppose -l*c + 14*c - 148 = 0. What are the prime factors of c?
2, 37
Let c = -12 - -446. Suppose 0 = -16*w + 18*w - c. List the prime factors of w.
7, 31
Let u(r) = r**2 + 1. Let l be u(2). Let b(j) be the third derivative of j**6/120 - j**5/12 + j**4/6 - j**3/3 - 136*j**2. What are the prime factors of b(l)?
2, 3
Suppose -5*s + 5*a - 60 = 0, -8*a + 3*a + 15 = 0. Let i(x) = -3*x**2 - 46*x + 12. What are the prime factors of i(s)?
3, 61
Suppose 3*r = 5*v, 4*r = 2*v - 4*v. Suppose 7*p - 5*p = r. Suppose 2*g - 5*g + 348 = p. What are the prime factors of g?
2, 29
Let v = 42 - 48. Suppose -2*n + 0*n - 4 = 0. What are the prime factors of (1/n)/(v/432)?
2, 3
Let s be (-1118)/(-104) - (-2)/8. Suppose s*z - 3167 = 4731. List the prime factors of z.
2, 359
Let v(x) = x**3 + 2*x**2 + 32*x + 104. What are the prime factors of v(17)?
7, 877
Let s be ((-1)/3)/((-2)/150). Let w = -23 + s. Suppose -15 = -w*o + o. What are the prime factors of o?
3, 5
Let o(v) = 228*v**3 - 2*v**2 + 3*v - 2. Let l = -34 + 36. Suppose 137*g + l = 139*g. What are the prime factors of o(g)?
227
What are the prime factors of -10 - (-5 - 5)*4079?
2, 5, 2039
Let g(l) = -5*l**2 + 14*l - 11. Let d be g(4). Let v(h) = 2*h + 80. What are the prime factors of v(d)?
2, 5
Let h = -24 + 28. Suppose 86 = -5*t + h*b, 0 = -2*t + b - 19 - 13. List the prime factors of 6/(-21) - (1020/t)/3.
2, 3
Let t = -61 + 95. Let g = t + -37. What are the prime factors of (g - 1) + (-2 - -119)?
113
Suppose 571555 + 1099462 = 117*g + 82859. List the prime factors of g.
2, 11, 617
Let d = 248 + -242. List the prime factors of 6 - (-1 + d) - -486.
487
Let m(h) = 17*h - 11. Let l be m(7). Suppose -6*f + 96 + l = 0. Let v = f - 6. What are the prime factors of v?
2, 7
Let s = -8 + 48. Suppose 179 = 11*b + 457 - 124. Let q = s + b. List the prime factors of q.
2, 13
Suppose 70*u - 48360 = -72*u + 134*u. List the prime factors of u.
3, 5, 13, 31
Let t = 47784 - 26347. What are the prime factors of t?
13, 17, 97
Suppose 0 = 2*p + k - 2226, -1202 = -p + 4*k - 62. What are the prime factors of p?
2, 3, 31
Suppose -36 = -3*p + 3*j, 2*p + 3*p - 54 = 2*j. Suppose 5*u + 5*t - 32 = -12, -2*t + p = 0. Let f(w) = -121*w. What are the prime factors of f(u)?
11
Suppose -14*r - 44160 = -9*r - 28*r. What are the prime factors of r?
2, 3, 5
Let i = -99836 - -141828. List the prime factors of i.
2, 29, 181
Let r be 3/2*(-90)/45. Let w(f) = -31*f + 32. List the prime factors of w(r).
5
Suppose 0 = 2*p - 4*a - 16, -a + 1 - 2 = p. Suppose p*u - 58 = 20. Suppose 8*l - u = 5*l. List the prime factors of l.
13
Suppose 0 = -27*g + 15*g + 3672. Let k = 2 + -2. Suppose -5*c = k, 0*a = 3*a - 4*c - g. List the prime factors of a.
2, 3, 17
Let x = 43 + -39. Suppose -x*m + 3230 = 650. What are the prime factors of m?
3, 5, 43
Let c be (-249)/(-7) - (-60)/140. Suppose -c*g = -39*g + 12. Suppose -g*a + 52 = 16. List the prime factors of a.
3
Let m = -23122 - -38640. What are the prime factors of m?
2, 7759
Let p be -35 + 2/5*15. Suppose -5*o - 3*g - 115 = 321, 6 = -3*g. Let b = p - o. What are the prime factors of b?
3, 19
Let n be (-6)/8*(-677 + 1). Suppose 0 = -4*z + n + 717. Suppose -3*s + 2*l = -183, 2*s - 7*s + z = -3*l. What are the prime factors of s?
3, 7
What are the prime factors of 3831 - -2 - 40/(0 + -20)?
5, 13, 59
Suppose 4*c - 37766 = z, -2*c - 97*z = -93*z - 18874. What are the prime factors of c?
3, 1049
Let s be ((-1)/2)/((-9)/288). Suppose 4*p = 5*o - 177, 2*o - 53 = p + s. Let m = o - -43. List the prime factors of m.
2, 19
Let i be 70/(-56)*(1 + 75). Let f = -92 - i. Suppose f*t + 59 - 557 = 0. List the prime factors of t.
2, 83
Let x(l) = -l**2 + 24*l + 84. Let f be x(27). What are the prime factors of f/(-2) + 2765/10?
5, 11
Let r = -54 - -99. Let k = r + -40. Suppose a - 195 + k = 0. What are the prime factors of a?
2, 5, 19
Let d be 115026/76 + (-1)/(-2). Let v = d + -1013. List the prime factors of v.
3, 167
Suppose 9*m + 20*m - 55703 = -21860. What are the prime factors of m?
3, 389
Suppose 2*u = -4*x + 14618, -3*u + 4871 + 17057 = 5*x. List the prime factors of u.
3, 2437
Suppose -14 - 36 = -y - b, -2*y + 4*b = -106. Let z = y + -52. What are the prime factors of z + 0 + (-4 - -8) + 47?
2, 5
Let u = 45 - 62. Let o be (u/(-2) + 4)*(-2 - -4). Suppose 29*x = o*x + 208. List the prime factors of x.
2, 13
Suppose -22*l + 2695 = -17*l. Suppose f - 532 = 5*y, -f + 0*y = 2*y - l. List the prime factors of 52/(-14) + 4 - f/(-7).
7, 11
Let c(s) be the first derivative of -12 + 3/2*s**2 - 1/4*s**4 + 5/3*s**3 + 9*s. What are the prime factors of c(4)?
37
Suppose -3*t - 12 = -9*t. Let d(j) = -11*j + 8*j + 80*j**t + 9*j**2 + 4*j. List the prime factors of d(1).
2, 3, 5
Let f(j) = 3*j**2 - 34*j + 4. Let r(q) = 1. Let h(g) = -f(g) + 3*r(g). List the prime factors of h(9).
2, 31
Let z be (-3)/(-6) + 9/2. Let m be (183/9)/(2 + 203/(-105)). Suppose z*i - m = 125. List the prime factors of i.
2, 43
Let m = -6099 + 18405. List the prime factors of m.
2, 3, 7, 293
Let k(c) be the second derivative of c**5/20 + 29*c**4/12 + 3*c**3 - 67*c**2 - 9*c + 1. List the prime factors of k(-28).
2, 73
Suppose 2*l + 5*d = 28671, 2*l + 3*d - 36266 = -7605. What are the prime factors of l?
14323
Suppose -7*k - 64 = -50. List the prime factors of ((-40)/(-30))/(k/(-345)).
2, 5, 23
Suppose 4*v = -w + 12999, -74*w + 64890 = -69*w - v. What are the prime factors of w?
12979
Let r be 1/(-2) - (-63)/18. Suppose q + r = 0, -3*p - 2*p - 4*q - 22 = 0. What are the prime factors of (p - 225/5)/(-2 + 1)?
47
Suppose -15*k = -9063 + 3093. List the prime factors of k.
2, 199
Let g be -1 + 4 + 4 + -8. Let l(b) = 2022*b**2 + 3*b + 1. What are the prime factors of l(g)?
2, 5, 101
Let s(r) be the third derivative of 0*r + 7*r**2 + 17/6*r**3 + 0 + 1/8*r**4. What are the prime factors of s(13)?
2, 7
Let j(i) = i**2 + 95*i + 1285. Let t be j(-16). Suppose -31 = -4*m + 29. Suppose -m*y - 558 = -t*y. What are the prime factors of y?
3, 31
Let s = -7165 - -71